{"id":1394,"date":"2025-09-05T17:41:14","date_gmt":"2025-09-05T17:41:14","guid":{"rendered":"https:\/\/magnuxcompany.com\/?post_type=product&#038;p=1394"},"modified":"2026-04-02T02:40:47","modified_gmt":"2026-04-02T02:40:47","slug":"banco-multifuncional-magnux-pesas-reclinable-predicador-multiposicion-graduable","status":"publish","type":"product","link":"https:\/\/magnuxcompany.com\/?product=banco-multifuncional-magnux-pesas-reclinable-predicador-multiposicion-graduable","title":{"rendered":"Banco Multifuncional Magnux Pesas Reclinable Predicador Multiposicion Graduable"},"content":{"rendered":"<p>\u00a1Descubre el Banco Magnux Multiposicional! Tu compa\u00f1ero ideal para esculpir un abdomen de acero, fortalecer la zona lumbar y desafiar tus l\u00edmites en cada entrenamiento.<\/p>\n<p>Con este banco vers\u00e1til, podr\u00e1s realizar una variedad de ejercicios, desde trabajo abdominal y lumbar hasta ejercicios de pecho, hombros y dorsales. \u00a1Tu creatividad ser\u00e1 tu \u00fanica limitaci\u00f3n!<\/p>\n<p>Dise\u00f1ado para brindarte comodidad y durabilidad, este banco cuenta con cojiner\u00eda indeformable que te asegura una experiencia de entrenamiento \u00f3ptima. Su dise\u00f1o plegable te permite ahorrar espacio cuando no est\u00e9 en uso, perfecto para hogares o gimnasios con espacio limitado.<\/p>\n<p>\u00a1Y eso no es todo! Con su capacidad multiangular, puedes ajustar f\u00e1cilmente la posici\u00f3n del banco para realizar ejercicios inclinados, declinados, rectos o planos, adapt\u00e1ndose a tus necesidades y metas de entrenamiento.<\/p>\n<p>\u00a1Es hora de llevar tu entrenamiento al siguiente nivel con el Banco Magnux Multiposicional! Atr\u00e9vete a desafiar tus l\u00edmites y alcanzar tus objetivos de fitness de manera eficiente y emocionante.<\/p>\n","protected":false},"excerpt":{"rendered":"<p>\u00a1Descubre el Banco Magnux Multiposicional! Tu compa\u00f1ero ideal para esculpir un abdomen de acero, fortalecer la zona lumbar y desafiar tus l\u00edmites en cada entrenamiento. Con este banco vers\u00e1til, podr\u00e1s realizar una variedad de ejercicios, desde trabajo abdominal y lumbar hasta ejercicios de pecho, hombros y dorsales. \u00a1Tu creatividad ser\u00e1 tu \u00fanica limitaci\u00f3n! Dise\u00f1ado para &hellip;<\/p>\n<p class=\"read-more\"> <a class=\"\" href=\"https:\/\/magnuxcompany.com\/?product=banco-multifuncional-magnux-pesas-reclinable-predicador-multiposicion-graduable\"> <span class=\"screen-reader-text\">Banco Multifuncional Magnux Pesas Reclinable Predicador Multiposicion Graduable<\/span> Leer m\u00e1s &raquo;<\/a><\/p>\n","protected":false},"featured_media":1395,"comment_status":"open","ping_status":"closed","template":"","meta":{"site-sidebar-layout":"default","site-content-layout":"","ast-site-content-layout":"default","site-content-style":"default","site-sidebar-style":"default","ast-global-header-display":"","ast-banner-title-visibility":"","ast-main-header-display":"","ast-hfb-above-header-display":"","ast-hfb-below-header-display":"","ast-hfb-mobile-header-display":"","site-post-title":"","ast-breadcrumbs-content":"","ast-featured-img":"","footer-sml-layout":"","theme-transparent-header-meta":"default","adv-header-id-meta":"","stick-header-meta":"","header-above-stick-meta":"","header-main-stick-meta":"","header-below-stick-meta":"","astra-migrate-meta-layouts":"set","ast-page-background-enabled":"default","ast-page-background-meta":{"desktop":{"background-color":"var(--ast-global-color-4)","background-image":"","background-repeat":"repeat","background-position":"center center","background-size":"auto","background-attachment":"scroll","background-type":"","background-media":"","overlay-type":"","overlay-color":"","overlay-gradient":""},"tablet":{"background-color":"","background-image":"","background-repeat":"repeat","background-position":"center center","background-size":"auto","background-attachment":"scroll","background-type":"","background-media":"","overlay-type":"","overlay-color":"","overlay-gradient":""},"mobile":{"background-color":"","background-image":"","background-repeat":"repeat","background-position":"center center","background-size":"auto","background-attachment":"scroll","background-type":"","background-media":"","overlay-type":"","overlay-color":"","overlay-gradient":""}},"ast-content-background-meta":{"desktop":{"background-color":"var(--ast-global-color-5)","background-image":"","background-repeat":"repeat","background-position":"center center","background-size":"auto","background-attachment":"scroll","background-type":"","background-media":"","overlay-type":"","overlay-color":"","overlay-gradient":""},"tablet":{"background-color":"var(--ast-global-color-5)","background-image":"","background-repeat":"repeat","background-position":"center center","background-size":"auto","background-attachment":"scroll","background-type":"","background-media":"","overlay-type":"","overlay-color":"","overlay-gradient":""},"mobile":{"background-color":"var(--ast-global-color-5)","background-image":"","background-repeat":"repeat","background-position":"center center","background-size":"auto","background-attachment":"scroll","background-type":"","background-media":"","overlay-type":"","overlay-color":"","overlay-gradient":""}},"_joinchat":[]},"product_cat":[23],"product_tag":[],"jetpack_sharing_enabled":true,"_links":{"self":[{"href":"https:\/\/magnuxcompany.com\/index.php?rest_route=\/wp\/v2\/product\/1394"}],"collection":[{"href":"https:\/\/magnuxcompany.com\/index.php?rest_route=\/wp\/v2\/product"}],"about":[{"href":"https:\/\/magnuxcompany.com\/index.php?rest_route=\/wp\/v2\/types\/product"}],"replies":[{"embeddable":true,"href":"https:\/\/magnuxcompany.com\/index.php?rest_route=%2Fwp%2Fv2%2Fcomments&post=1394"}],"version-history":[{"count":1,"href":"https:\/\/magnuxcompany.com\/index.php?rest_route=\/wp\/v2\/product\/1394\/revisions"}],"predecessor-version":[{"id":1404,"href":"https:\/\/magnuxcompany.com\/index.php?rest_route=\/wp\/v2\/product\/1394\/revisions\/1404"}],"wp:featuredmedia":[{"embeddable":true,"href":"https:\/\/magnuxcompany.com\/index.php?rest_route=\/wp\/v2\/media\/1395"}],"wp:attachment":[{"href":"https:\/\/magnuxcompany.com\/index.php?rest_route=%2Fwp%2Fv2%2Fmedia&parent=1394"}],"wp:term":[{"taxonomy":"product_cat","embeddable":true,"href":"https:\/\/magnuxcompany.com\/index.php?rest_route=%2Fwp%2Fv2%2Fproduct_cat&post=1394"},{"taxonomy":"product_tag","embeddable":true,"href":"https:\/\/magnuxcompany.com\/index.php?rest_route=%2Fwp%2Fv2%2Fproduct_tag&post=1394"}],"curies":[{"name":"wp","href":"https:\/\/api.w.org\/{rel}","templated":true}]}}