{"id":675,"date":"2023-12-18T22:44:37","date_gmt":"2023-12-18T22:44:37","guid":{"rendered":"https:\/\/magnuxcompany.com\/?post_type=product&#038;p=675"},"modified":"2025-10-16T18:36:02","modified_gmt":"2025-10-16T18:36:02","slug":"radio-android-8-1-pantalla-2-din-wifi-gps-waze-2-din-camara-copia","status":"publish","type":"product","link":"https:\/\/magnuxcompany.com\/?product=radio-android-8-1-pantalla-2-din-wifi-gps-waze-2-din-camara-copia","title":{"rendered":"A1000232+CAM &#8211; Radio Android 11 Pantalla 1 DIN Wifi Gps Waze 10 Pulgadas C\u00e1mara"},"content":{"rendered":"<p class=\"ui-pdp-description__content\">INFORMACI\u00d3N IMPORTANTE:<\/p>\n<p>\u00a1COMPATIBLE CON CARPLAY!<\/p>\n<p>\u00a1ANDROID 11 ACTUALIZADO!<\/p>\n<p>\u00a1MEMORIA Y CAPACIDAD ACTUALIZADA<br \/>\n2G RAM + 32G ROM!<\/p>\n<p>RADIO ANDROID PARA CARRO 10 PULGADAS 1 DIN<br \/>\nCOMPATIBLE PARA VEH\u00cdCULOS CON MEDIDAS 2 DIN Y 1 DIN.<br \/>\n\u00a1INCLUYE C\u00c1MARA GRATIS!<\/p>\n<p>CARACTER\u00cdSTICAS:<\/p>\n<p>\u2022 Android 11 sistema operativo: compatible con la mayor\u00eda de aplicaciones para android, s\u00f3lo instalar y experimentar un viaje diferente de conducci\u00f3n.<\/p>\n<p>\u2022 1024 x 600 HD capacitiva pantalla t\u00e1ctil: panel t\u00e1ctil compatible con 5-punto de contacto, ofreciendo una experiencia de usuario m\u00e1s sensible.<\/p>\n<p>\u2022 M\u00f3dulo WiFi: compatible con 802.11 b \/ g \/ n WLAN est\u00e1ndar, que permite conectarse a Internet y descargar m\u00fasica, v\u00eddeos, mapas, etcetera.<\/p>\n<p>\u2022 Sistema integrado coche DVR: aproveche la condici\u00f3n de camino con precisi\u00f3n despu\u00e9s de conectar una c\u00e1mara USB. Los registros se guardar\u00e1n autom\u00e1ticamente en la tarjeta de los medios de comunicaci\u00f3n y pueden reproducirse en esta unidad directamente.<\/p>\n<p>\u2022 Built-in GPS: mapa GPS interno y externo est\u00e1n disponibles para la navegaci\u00f3n por sat\u00e9lite.<\/p>\n<p>\u2022 Enlace espejo: permite sincronizar la pantalla de tu tel\u00e9fono m\u00f3vil en el coche mediante conexi\u00f3n con cable USB (para tel\u00e9fonos hasta android 12 y Iphone 5, 6, 7, 8 plus y no plus).<\/p>\n<p>\u2022 FM \/ la funci\u00f3n de radio.<\/p>\n<p>ESPECIFICACIONES DEL PRODUCTO:<br \/>\n&#8211; Voltaje: DC 9 &#8211; 17V<br \/>\n&#8211; Sistema operativo: Android 11<br \/>\n&#8211; CPU: Quad Core 1.4 GHz<br \/>\n&#8211; ROM: 32 GB<br \/>\n&#8211; RAM: 2 GB<br \/>\n&#8211; Audio: MP3, WMA, WAV, APE, FLAC, etcetera.<br \/>\n&#8211; Video: RM, RMVB, MP4, 3GP, AVI, MKV, etcetera.<br \/>\n&#8211; Imagen: JPG, BMP, PNG, GIF, etcetera.<br \/>\n&#8211; Frecuencias: FM 87.5 &#8211; 108 MHz<br \/>\n&#8211; Idioma: Ingl\u00e9s, Chino, Japon\u00e9s, Afrikaans, alem\u00e1n, estonio, Italiano, Bahasa, dan\u00e9s, Filipino, lituano, croata, H\u00fangaro, holand\u00e9s, noruego, -Polaco, vietnamita, b\u00falgaro, Coreano, esloveno, Franc\u00e9s, espa\u00f1ol, etcetera.<\/p>\n<p>TENER EN CUENTA QUE LOS RADIOS ANDROID NO CUENTAN CON CONTROL REMOTO.<\/p>\n<p>EL PAQUETE INCLUYE:<br \/>\n1 x Reproductor Multimedia Android<br \/>\n1 x C\u00e1mara de reversa<br \/>\n1 x Cable entrada video<br \/>\n1 x Cables salida audio y video AV<br \/>\n2 x Cable Puerto USB<br \/>\n1 x Antena GPS<br \/>\n1 x Manual de usuario<\/p>\n<p>Garant\u00eda un mes por defectos de fabricaci\u00f3n; no cubre golpes, rayones, humedad y mala instalaci\u00f3n por parte del cliente<\/p>\n","protected":false},"excerpt":{"rendered":"<p>INFORMACI\u00d3N IMPORTANTE: \u00a1COMPATIBLE CON CARPLAY! \u00a1ANDROID 11 ACTUALIZADO! \u00a1MEMORIA Y CAPACIDAD ACTUALIZADA 2G RAM + 32G ROM! RADIO ANDROID PARA CARRO 10 PULGADAS 1 DIN COMPATIBLE PARA VEH\u00cdCULOS CON MEDIDAS 2 DIN Y 1 DIN. \u00a1INCLUYE C\u00c1MARA GRATIS! CARACTER\u00cdSTICAS: \u2022 Android 11 sistema operativo: compatible con la mayor\u00eda de aplicaciones para android, s\u00f3lo instalar y &hellip;<\/p>\n<p class=\"read-more\"> <a class=\"\" href=\"https:\/\/magnuxcompany.com\/?product=radio-android-8-1-pantalla-2-din-wifi-gps-waze-2-din-camara-copia\"> <span class=\"screen-reader-text\">A1000232+CAM &#8211; Radio Android 11 Pantalla 1 DIN Wifi Gps Waze 10 Pulgadas C\u00e1mara<\/span> Leer m\u00e1s &raquo;<\/a><\/p>\n","protected":false},"featured_media":1408,"comment_status":"open","ping_status":"closed","template":"","meta":{"site-sidebar-layout":"default","site-content-layout":"","ast-site-content-layout":"default","site-content-style":"default","site-sidebar-style":"default","ast-global-header-display":"","ast-banner-title-visibility":"","ast-main-header-display":"","ast-hfb-above-header-display":"","ast-hfb-below-header-display":"","ast-hfb-mobile-header-display":"","site-post-title":"","ast-breadcrumbs-content":"","ast-featured-img":"","footer-sml-layout":"","theme-transparent-header-meta":"default","adv-header-id-meta":"","stick-header-meta":"","header-above-stick-meta":"","header-main-stick-meta":"","header-below-stick-meta":"","astra-migrate-meta-layouts":"set","ast-page-background-enabled":"default","ast-page-background-meta":{"desktop":{"background-color":"var(--ast-global-color-4)","background-image":"","background-repeat":"repeat","background-position":"center center","background-size":"auto","background-attachment":"scroll","background-type":"","background-media":"","overlay-type":"","overlay-color":"","overlay-gradient":""},"tablet":{"background-color":"","background-image":"","background-repeat":"repeat","background-position":"center center","background-size":"auto","background-attachment":"scroll","background-type":"","background-media":"","overlay-type":"","overlay-color":"","overlay-gradient":""},"mobile":{"background-color":"","background-image":"","background-repeat":"repeat","background-position":"center center","background-size":"auto","background-attachment":"scroll","background-type":"","background-media":"","overlay-type":"","overlay-color":"","overlay-gradient":""}},"ast-content-background-meta":{"desktop":{"background-color":"var(--ast-global-color-5)","background-image":"","background-repeat":"repeat","background-position":"center center","background-size":"auto","background-attachment":"scroll","background-type":"","background-media":"","overlay-type":"","overlay-color":"","overlay-gradient":""},"tablet":{"background-color":"var(--ast-global-color-5)","background-image":"","background-repeat":"repeat","background-position":"center center","background-size":"auto","background-attachment":"scroll","background-type":"","background-media":"","overlay-type":"","overlay-color":"","overlay-gradient":""},"mobile":{"background-color":"var(--ast-global-color-5)","background-image":"","background-repeat":"repeat","background-position":"center center","background-size":"auto","background-attachment":"scroll","background-type":"","background-media":"","overlay-type":"","overlay-color":"","overlay-gradient":""}},"_joinchat":[]},"product_cat":[25],"product_tag":[],"jetpack_sharing_enabled":true,"_links":{"self":[{"href":"https:\/\/magnuxcompany.com\/index.php?rest_route=\/wp\/v2\/product\/675"}],"collection":[{"href":"https:\/\/magnuxcompany.com\/index.php?rest_route=\/wp\/v2\/product"}],"about":[{"href":"https:\/\/magnuxcompany.com\/index.php?rest_route=\/wp\/v2\/types\/product"}],"replies":[{"embeddable":true,"href":"https:\/\/magnuxcompany.com\/index.php?rest_route=%2Fwp%2Fv2%2Fcomments&post=675"}],"version-history":[{"count":6,"href":"https:\/\/magnuxcompany.com\/index.php?rest_route=\/wp\/v2\/product\/675\/revisions"}],"predecessor-version":[{"id":1415,"href":"https:\/\/magnuxcompany.com\/index.php?rest_route=\/wp\/v2\/product\/675\/revisions\/1415"}],"wp:featuredmedia":[{"embeddable":true,"href":"https:\/\/magnuxcompany.com\/index.php?rest_route=\/wp\/v2\/media\/1408"}],"wp:attachment":[{"href":"https:\/\/magnuxcompany.com\/index.php?rest_route=%2Fwp%2Fv2%2Fmedia&parent=675"}],"wp:term":[{"taxonomy":"product_cat","embeddable":true,"href":"https:\/\/magnuxcompany.com\/index.php?rest_route=%2Fwp%2Fv2%2Fproduct_cat&post=675"},{"taxonomy":"product_tag","embeddable":true,"href":"https:\/\/magnuxcompany.com\/index.php?rest_route=%2Fwp%2Fv2%2Fproduct_tag&post=675"}],"curies":[{"name":"wp","href":"https:\/\/api.w.org\/{rel}","templated":true}]}}