{"id":989,"date":"2024-08-22T17:41:41","date_gmt":"2024-08-22T17:41:41","guid":{"rendered":"https:\/\/magnuxcompany.com\/?post_type=product&#038;p=989"},"modified":"2025-09-03T17:50:07","modified_gmt":"2025-09-03T17:50:07","slug":"kit-bandas-elasticas-de-resistencia-x-5","status":"publish","type":"product","link":"https:\/\/magnuxcompany.com\/?product=kit-bandas-elasticas-de-resistencia-x-5","title":{"rendered":"Kit Bandas El\u00e1sticas De Resistencia X 5"},"content":{"rendered":"<p>\u00a1KIT BANDAS EL\u00c1STICAS PARA EJERCICIO. JUEGO X 5 UNIDADES!<\/p>\n<p>Estos elementos no solo sirven para desarrollar la fuerza y tonificar como sustitutivo de las pesas. Con las bandas el\u00e1sticas podremos trabajar tambi\u00e9n la resistencia, la flexibilidad, la coordinaci\u00f3n y el equilibrio.<\/p>\n<p>Sabemos que hoy en d\u00eda el tiempo escasea y, por tanto, las posibilidades de acudir a los gimnasios se han visto reducidas. Por ello hemos tenido que agudizar nuestro ingenio y poner en pr\u00e1ctica otros m\u00e9todos que puedan ser desarrollados en cualquier espacio. En este contexto han aparecido las famosas bandas el\u00e1sticas, un utensilio muy econ\u00f3mico y que ocupa muy poco espacio.<\/p>\n<p>El entrenamiento con bandas el\u00e1sticas lleva varios a\u00f1os implant\u00e1ndose en los gimnasios. Se trata de un m\u00e9todo f\u00e1cil y eficaz para activar todos los m\u00fasculos de nuestro cuerpo.<\/p>\n<p>VENTAJAS:<br \/>\n\u2022 PRODUCTO ECON\u00d3MICO<br \/>\n\u2022 PR\u00c1CTICAS PARA EL ENTRENAMIENTO EN CASA<br \/>\n\u2022 POSIBILIDAD DE TRABAJAR TODOS LOS GRUPOS MUSCULARES<br \/>\n\u2022 FACILIDAD DE TRANSPORTE<br \/>\n\u2022 POSIBILIDAD DE TRABAJAR DIFERENTES RESISTENCIAS<br \/>\n\u2022 VARIEDAD EN LOS ENTRENAMIENTOS<br \/>\n\u2022 F\u00c1CIL ADAPTACI\u00d3N A NUESTRA CONDICI\u00d3N F\u00cdSICA<br \/>\n\u2022 MAYOR SEGURIDAD EN EL ENTRENAMIENTO<br \/>\n\u2022 PUEDE SER UN BUEN COMPLEMENTO AL ENTRENAMIENTO DE DETERMINADOS DEPORTES<br \/>\n\u2022 ESPECIALMENTE \u00daTILES EN PER\u00cdODOS DE REHABILITACI\u00d3N<\/p>\n<p>INCLUYE:<br \/>\n&#8211; 5 bandas de diferentes resistencias<br \/>\n&#8211; Manual<br \/>\n&#8211; Bolsita de transporte<\/p>\n","protected":false},"excerpt":{"rendered":"<p>\u00a1KIT BANDAS EL\u00c1STICAS PARA EJERCICIO. JUEGO X 5 UNIDADES! Estos elementos no solo sirven para desarrollar la fuerza y tonificar como sustitutivo de las pesas. Con las bandas el\u00e1sticas podremos trabajar tambi\u00e9n la resistencia, la flexibilidad, la coordinaci\u00f3n y el equilibrio. Sabemos que hoy en d\u00eda el tiempo escasea y, por tanto, las posibilidades de &hellip;<\/p>\n<p class=\"read-more\"> <a class=\"\" href=\"https:\/\/magnuxcompany.com\/?product=kit-bandas-elasticas-de-resistencia-x-5\"> <span class=\"screen-reader-text\">Kit Bandas El\u00e1sticas De Resistencia X 5<\/span> Leer m\u00e1s &raquo;<\/a><\/p>\n","protected":false},"featured_media":995,"comment_status":"open","ping_status":"closed","template":"","meta":{"site-sidebar-layout":"default","site-content-layout":"","ast-site-content-layout":"default","site-content-style":"default","site-sidebar-style":"default","ast-global-header-display":"","ast-banner-title-visibility":"","ast-main-header-display":"","ast-hfb-above-header-display":"","ast-hfb-below-header-display":"","ast-hfb-mobile-header-display":"","site-post-title":"","ast-breadcrumbs-content":"","ast-featured-img":"","footer-sml-layout":"","theme-transparent-header-meta":"default","adv-header-id-meta":"","stick-header-meta":"","header-above-stick-meta":"","header-main-stick-meta":"","header-below-stick-meta":"","astra-migrate-meta-layouts":"set","ast-page-background-enabled":"default","ast-page-background-meta":{"desktop":{"background-color":"var(--ast-global-color-4)","background-image":"","background-repeat":"repeat","background-position":"center center","background-size":"auto","background-attachment":"scroll","background-type":"","background-media":"","overlay-type":"","overlay-color":"","overlay-gradient":""},"tablet":{"background-color":"","background-image":"","background-repeat":"repeat","background-position":"center center","background-size":"auto","background-attachment":"scroll","background-type":"","background-media":"","overlay-type":"","overlay-color":"","overlay-gradient":""},"mobile":{"background-color":"","background-image":"","background-repeat":"repeat","background-position":"center center","background-size":"auto","background-attachment":"scroll","background-type":"","background-media":"","overlay-type":"","overlay-color":"","overlay-gradient":""}},"ast-content-background-meta":{"desktop":{"background-color":"var(--ast-global-color-5)","background-image":"","background-repeat":"repeat","background-position":"center center","background-size":"auto","background-attachment":"scroll","background-type":"","background-media":"","overlay-type":"","overlay-color":"","overlay-gradient":""},"tablet":{"background-color":"var(--ast-global-color-5)","background-image":"","background-repeat":"repeat","background-position":"center center","background-size":"auto","background-attachment":"scroll","background-type":"","background-media":"","overlay-type":"","overlay-color":"","overlay-gradient":""},"mobile":{"background-color":"var(--ast-global-color-5)","background-image":"","background-repeat":"repeat","background-position":"center center","background-size":"auto","background-attachment":"scroll","background-type":"","background-media":"","overlay-type":"","overlay-color":"","overlay-gradient":""}},"_joinchat":[]},"product_cat":[23],"product_tag":[],"jetpack_sharing_enabled":true,"_links":{"self":[{"href":"https:\/\/magnuxcompany.com\/index.php?rest_route=\/wp\/v2\/product\/989"}],"collection":[{"href":"https:\/\/magnuxcompany.com\/index.php?rest_route=\/wp\/v2\/product"}],"about":[{"href":"https:\/\/magnuxcompany.com\/index.php?rest_route=\/wp\/v2\/types\/product"}],"replies":[{"embeddable":true,"href":"https:\/\/magnuxcompany.com\/index.php?rest_route=%2Fwp%2Fv2%2Fcomments&post=989"}],"version-history":[{"count":1,"href":"https:\/\/magnuxcompany.com\/index.php?rest_route=\/wp\/v2\/product\/989\/revisions"}],"predecessor-version":[{"id":990,"href":"https:\/\/magnuxcompany.com\/index.php?rest_route=\/wp\/v2\/product\/989\/revisions\/990"}],"wp:featuredmedia":[{"embeddable":true,"href":"https:\/\/magnuxcompany.com\/index.php?rest_route=\/wp\/v2\/media\/995"}],"wp:attachment":[{"href":"https:\/\/magnuxcompany.com\/index.php?rest_route=%2Fwp%2Fv2%2Fmedia&parent=989"}],"wp:term":[{"taxonomy":"product_cat","embeddable":true,"href":"https:\/\/magnuxcompany.com\/index.php?rest_route=%2Fwp%2Fv2%2Fproduct_cat&post=989"},{"taxonomy":"product_tag","embeddable":true,"href":"https:\/\/magnuxcompany.com\/index.php?rest_route=%2Fwp%2Fv2%2Fproduct_tag&post=989"}],"curies":[{"name":"wp","href":"https:\/\/api.w.org\/{rel}","templated":true}]}}